{"id":7,"date":"2017-06-27T12:15:19","date_gmt":"2017-06-27T10:15:19","guid":{"rendered":"http:\/\/www.dmsvsz.hr\/?page_id=7"},"modified":"2022-12-23T17:30:07","modified_gmt":"2022-12-23T16:30:07","slug":"o-nama","status":"publish","type":"page","link":"https:\/\/www.dmsvsz.hr\/?page_id=7","title":{"rendered":"O udruzi"},"content":{"rendered":"\t\t<div data-elementor-type=\"wp-page\" data-elementor-id=\"7\" class=\"elementor elementor-7\" data-elementor-post-type=\"page\">\n\t\t\t\t\t\t<section class=\"elementor-section elementor-top-section elementor-element elementor-element-7e69103d elementor-section-boxed elementor-section-height-default elementor-section-height-default\" data-id=\"7e69103d\" data-element_type=\"section\" data-e-type=\"section\">\n\t\t\t\t\t\t<div class=\"elementor-container elementor-column-gap-default\">\n\t\t\t\t\t<div class=\"elementor-column elementor-col-100 elementor-top-column elementor-element elementor-element-d2be747\" data-id=\"d2be747\" data-element_type=\"column\" data-e-type=\"column\">\n\t\t\t<div class=\"elementor-widget-wrap elementor-element-populated\">\n\t\t\t\t\t\t<div class=\"elementor-element elementor-element-789e84da elementor-widget elementor-widget-text-editor\" data-id=\"789e84da\" data-element_type=\"widget\" data-e-type=\"widget\" data-widget_type=\"text-editor.default\">\n\t\t\t\t<div class=\"elementor-widget-container\">\n\t\t\t\t\t\t\t\t\t<p>Udruga je osnovana 17.02.2003. godine, a najintenzivnije radi u protekle 9 godine.<br>Dru\u0161tvo multiple skleroze Vukovarsko-srijemske \u017eupaniji broji 94 \u010dlanova na cijelom podru\u010dju Vukovarko-srijemske \u017eupanije.<\/p>\n<p>Predsjednik Dru\u0161tva multiple skleroze Vukovarsko-srijemske \u017eupanije Zoran Olja\u010da 095\/303 8830, tajnica 095\/3030-8831, broj u uredu 032\/303 883, radno vrijeme od 8-16 sati svaki radni dan, 204. Vukovarske brigade 89, 32 000 Vukovar.<\/p>\n<p>Udruga broji 46 djelatnika s tim da imamo zaposlene 3 osobe s invaliditetom.<\/p>\n<p>Udruga broji 20 djelatnika, 1 koordinatora i 1 voditeljicu projekta Europskog socijalnog fonda, Operativni program U\u010dinkoviti ljudski potencijali 2014-2020, Ugovor je o dodjeli bespovratnih sredstava \u201eRazvoj usluge osobne asistencije za osobe s invaliditetom oboljele od multiple skleroze u Vukovarsko-srijemskoj \u017eupaniji\u201c, 20 Korisnika usluge osobne asistencije i 20 osobnih asistenata za pru\u017eanje usluge osobne asistencije. Ukupna vrijednost projekta iznosi 1.998.927,20 kuna u sklopu dvije godine od 01.11.2020. &#8211; 30.06.2022. godine. Elementi projekta su pru\u017eanje usluge osobne asistencije osobama s invaliditetom, promid\u017eba i vidljivosti upravljanje projektom i administracijom. Cilj projekta doprinjeti socijalnoj uklju\u010denosti i pove\u0107anju kvalitete \u017eivota osobama s najte\u017eim stupnjem i vrstom invaliditeta kroz pru\u017eanje usluge osobne asistencije.&nbsp;<\/p>\n<p>Provodimo program Ministarstva rada, mirovinskog sustava, obitelji i socijalne politike gdje imamo 20 korisnika usluge osobne asistencije i 20 osobnih asistenata za pru\u017eanje usluge osobne asistencije \u201eUsluge osobne asistencije osobama s najte\u017eim invaliditetom\u201c , program je dvogodi\u0161nji, vrijedan po godini 1.500.00,00 kuna. Tako\u0111er nam je cilj pru\u017eanje usluge u zajednici i to sukladno principima neovisnog \u017eivljenja koje pru\u017ea osobi s najte\u017eim invaliditetom mogu\u0107nost izbora, kontrole ali i edukacije asistenta. Unapre\u0111ivanjem kvalitete \u017eivljenja osobi se omogu\u0107ava dobivanje usluga samozbrinjavanja i potpore u aktivnostima svakodnevnog \u017eivota \u0161to neposredno dovodi do sprje\u010davanja institucionalizacije jer osobe s najte\u017eim invaliditetom mogu ostati \u017eivjeti u svom prirodnom okru\u017eenju a da \u010dlanovi obitelji ili oni koji skrbe imaju potporu u vrijeme kad oni nisu u mogu\u0107nosti pru\u017eiti istu.<\/p>\n<p>Provodimo i program Ministarstva rada, mirovinskog sustava, obitelji i socijalne politike  program vrijedan 180.000,00 kuna za jednu godinu s tim da je program na tri godine \u201eRazvoj i \u0161irenje mre\u017ee socijalnih usluga koje pru\u017eaju udruge\u201c gdje je zaposleno 3 djelatnika, 1 administrator i 2 gerontodoma\u0107ice na podru\u010dju Vinkovaca i Vukovara. Cilj je da na\u0161i \u010dlanovi koji nisu u mogu\u0107nosti dobiti uslugu osobnog asistenta omogu\u0107iti im pru\u017eanje usluga \u2013 Pomo\u0107 u ku\u0107i, gerontodoma\u0107ica \u0161to im je naravno neophodna u svemu jer su u pitanju oboljele osobe od multiple skleroze koji su pre\u0161li 65 godina.<\/p>\n<p>Provodimo program Ministarstva zdravstva pod nazivom \u201eSvjesno &#8211; zajedno\u201c gdje imamo zaposlenog 1 djelatnika, program je financiran od Ministarstva zdravstva te vrijednos po godini je 100.000,00 kuna. Kroz tri godine izravnog rada sa osobama s multiple sklerozom kroz psihosocijalne aktivnosti, terapije fizioterapeuta, masa\u017ee i uklju\u010divanje u obrazovne aktivnosti, uklju\u010divanje volontera, savjetodavne i edukacijske radionice o pravima osoba s invaliditetom doprinosi unaprije\u0111enju psihosocijalnog i tjelesnog zdravlja osoba s multiple sklerozom tako\u0111er po programu imamo zaposlenog 1 djelatnika.<br>Op\u0107i cilj programa je doprinjeti, o\u010duvanju i unapre\u0111enju zdravlja osoba s invaliditetom, oboljelih od kroni\u010dnih nezaraznih bolesti \u2013 osoba s multiplom sklerozom na podru\u010dju Vukovarsko-srijemske \u017eupanije i Osje\u010dko-baranjske \u017eupanije.<br><span style=\"color: var( --e-global-color-text ); font-family: var( --e-global-typography-text-font-family ), Sans-serif; font-weight: var( --e-global-typography-text-font-weight );\"><br>Aktivnosti koje program obuhva\u0107a:<\/span><\/p><p><span style=\"color: var( --e-global-color-text ); font-family: var( --e-global-typography-text-font-family ), Sans-serif; font-weight: var( --e-global-typography-text-font-weight );\">1.\tPru\u017eanje psihosocijalne pomo\u0107i<br><\/span><span style=\"color: var( --e-global-color-text ); font-family: var( --e-global-typography-text-font-family ), Sans-serif; font-weight: var( --e-global-typography-text-font-weight );\">2.\tPsiholo\u0161ka edukacija<br><\/span><span style=\"color: var( --e-global-color-text ); font-family: var( --e-global-typography-text-font-family ), Sans-serif; font-weight: var( --e-global-typography-text-font-weight );\">3.\tEdukacija i savjetovanje korisnika<br><\/span><span style=\"color: var( --e-global-color-text ); font-family: var( --e-global-typography-text-font-family ), Sans-serif; font-weight: var( --e-global-typography-text-font-weight );\">4.\tPsihosocijalna podr\u0161ka<br><\/span><span style=\"color: var( --e-global-color-text ); font-family: var( --e-global-typography-text-font-family ), Sans-serif; font-weight: var( --e-global-typography-text-font-weight );\">5.\tEdukacijski programi i savjetovanje<br><\/span><span style=\"color: var( --e-global-color-text ); font-family: var( --e-global-typography-text-font-family ), Sans-serif; font-weight: var( --e-global-typography-text-font-weight );\">6.\tEdukacija o pravima i polo\u017eaju osoba s invaliditetom<br><\/span><span style=\"color: var( --e-global-color-text ); font-family: var( --e-global-typography-text-font-family ), Sans-serif; font-weight: var( --e-global-typography-text-font-weight );\">7.\tObrazovne aktivnosti za organizatore i koordinatore volontiranja te za volontere<br><\/span><span style=\"color: var( --e-global-color-text ); font-family: var( --e-global-typography-text-font-family ), Sans-serif; font-weight: var( --e-global-typography-text-font-weight );\">8.\tPru\u017eanje usluge prijevoza<\/span><\/p><p>Partneri: PRONI Centar za socijalno podu\u010davanje, Centar za socijalnu skrb Vukovar<br>Suradnik: Ured pravobraniteljice za osobe s invaliditetom Osijek.<\/p>\n<p>Udruga tako\u0111er ima zaposlenog voza\u010da na pola radnog vremena, koji vr\u0161i prijevoz za \u010dlanove DMS VS\u017d.<\/p>\n<p>Ciljevi: socijalna uklju\u010denost \u010dlanova i osoba oboljelih od multiple skleroze i njihovih obitelji, pove\u0107anje i podizanje kvalitete \u017eivota oboljelih osoba, socijalizacija u dru\u0161tvu, promicanje i za\u0161tita ljudskih prava osoba s invaliditetom, senzibiliziranje javnost za multiplu sklerozu, promicanje, lije\u010denje, unapre\u0111ivanje, rehabilitacija, socijalna za\u0161tita oboljelih osoba od multiple skleroze, Stvaranje uvjeta za neovisno \u017eivljenje i izjedna\u010davanje mogu\u0107nosti osoba s multiplom sklerozom, problematika osoba s invaliditetom, pru\u017eanje socijalnih usluga, socijalne pomo\u0107i podr\u0161ke te humanitarne pomo\u0107i.<\/p>\n<p>PREUZIMANJE: <a href=\"http:\/\/www.dmsvsz.hr\/wp-content\/uploads\/2020\/04\/Statut_DMSVSZ.pdf\" target=\"_blank\" rel=\"noopener noreferrer\">STATUT UDRUGE I RJE\u0160ENJE<\/a><br><br><\/p>\t\t\t\t\t\t\t\t<\/div>\n\t\t\t\t<\/div>\n\t\t\t\t\t<\/div>\n\t\t<\/div>\n\t\t\t\t\t<\/div>\n\t\t<\/section>\n\t\t\t\t<\/div>\n\t\t","protected":false},"excerpt":{"rendered":"<p>Udruga je osnovana 17.02.2003. godine, a najintenzivnije radi u protekle 9 godine.Dru\u0161tvo multiple skleroze Vukovarsko-srijemske \u017eupaniji broji 94 \u010dlanova na cijelom podru\u010dju Vukovarko-srijemske \u017eupanije. Predsjednik Dru\u0161tva multiple skleroze Vukovarsko-srijemske \u017eupanije&#8230;<\/p>\n<div class=\"more-link-wrapper\"><a class=\"more-link\" href=\"https:\/\/www.dmsvsz.hr\/?page_id=7\">Op\u0161irnije<span class=\"screen-reader-text\">O udruzi<\/span><\/a><\/div>\n","protected":false},"author":1,"featured_media":0,"parent":0,"menu_order":0,"comment_status":"closed","ping_status":"closed","template":"","meta":{"footnotes":""},"class_list":["post-7","page","type-page","status-publish","hentry","excerpt"],"_links":{"self":[{"href":"https:\/\/www.dmsvsz.hr\/index.php?rest_route=\/wp\/v2\/pages\/7","targetHints":{"allow":["GET"]}}],"collection":[{"href":"https:\/\/www.dmsvsz.hr\/index.php?rest_route=\/wp\/v2\/pages"}],"about":[{"href":"https:\/\/www.dmsvsz.hr\/index.php?rest_route=\/wp\/v2\/types\/page"}],"author":[{"embeddable":true,"href":"https:\/\/www.dmsvsz.hr\/index.php?rest_route=\/wp\/v2\/users\/1"}],"replies":[{"embeddable":true,"href":"https:\/\/www.dmsvsz.hr\/index.php?rest_route=%2Fwp%2Fv2%2Fcomments&post=7"}],"version-history":[{"count":42,"href":"https:\/\/www.dmsvsz.hr\/index.php?rest_route=\/wp\/v2\/pages\/7\/revisions"}],"predecessor-version":[{"id":2931,"href":"https:\/\/www.dmsvsz.hr\/index.php?rest_route=\/wp\/v2\/pages\/7\/revisions\/2931"}],"wp:attachment":[{"href":"https:\/\/www.dmsvsz.hr\/index.php?rest_route=%2Fwp%2Fv2%2Fmedia&parent=7"}],"curies":[{"name":"wp","href":"https:\/\/api.w.org\/{rel}","templated":true}]}}

<div data-elementor-type="wp-page" data-elementor-id="7" class="elementor elementor-7" data-elementor-post-type="page">
						<section class="elementor-section elementor-top-section elementor-element elementor-element-7e69103d elementor-section-boxed elementor-section-height-default elementor-section-height-default" data-id="7e69103d" data-element_type="section" data-e-type="section">
						<div class="elementor-container elementor-column-gap-default">
					<div class="elementor-column elementor-col-100 elementor-top-column elementor-element elementor-element-d2be747" data-id="d2be747" data-element_type="column" data-e-type="column">
			<div class="elementor-widget-wrap elementor-element-populated">
						<div class="elementor-element elementor-element-789e84da elementor-widget elementor-widget-text-editor" data-id="789e84da" data-element_type="widget" data-e-type="widget" data-widget_type="text-editor.default">
				<div class="elementor-widget-container">
									<p>Udruga je osnovana 17.02.2003. godine, a najintenzivnije radi u protekle 9 godine.<br>Društvo multiple skleroze Vukovarsko-srijemske županiji broji 94 članova na cijelom području Vukovarko-srijemske županije.</p>
<p>Predsjednik Društva multiple skleroze Vukovarsko-srijemske županije Zoran Oljača 095/303 8830, tajnica 095/3030-8831, broj u uredu 032/303 883, radno vrijeme od 8-16 sati svaki radni dan, 204. Vukovarske brigade 89, 32 000 Vukovar.</p>
<p>Udruga broji 46 djelatnika s tim da imamo zaposlene 3 osobe s invaliditetom.</p>
<p>Udruga broji 20 djelatnika, 1 koordinatora i 1 voditeljicu projekta Europskog socijalnog fonda, Operativni program Učinkoviti ljudski potencijali 2014-2020, Ugovor je o dodjeli bespovratnih sredstava „Razvoj usluge osobne asistencije za osobe s invaliditetom oboljele od multiple skleroze u Vukovarsko-srijemskoj županiji“, 20 Korisnika usluge osobne asistencije i 20 osobnih asistenata za pružanje usluge osobne asistencije. Ukupna vrijednost projekta iznosi 1.998.927,20 kuna u sklopu dvije godine od 01.11.2020. &#8211; 30.06.2022. godine. Elementi projekta su pružanje usluge osobne asistencije osobama s invaliditetom, promidžba i vidljivosti upravljanje projektom i administracijom. Cilj projekta doprinjeti socijalnoj uključenosti i povećanju kvalitete života osobama s najtežim stupnjem i vrstom invaliditeta kroz pružanje usluge osobne asistencije.&nbsp;</p>
<p>Provodimo program Ministarstva rada, mirovinskog sustava, obitelji i socijalne politike gdje imamo 20 korisnika usluge osobne asistencije i 20 osobnih asistenata za pružanje usluge osobne asistencije „Usluge osobne asistencije osobama s najtežim invaliditetom“ , program je dvogodišnji, vrijedan po godini 1.500.00,00 kuna. Također nam je cilj pružanje usluge u zajednici i to sukladno principima neovisnog življenja koje pruža osobi s najtežim invaliditetom mogućnost izbora, kontrole ali i edukacije asistenta. Unapređivanjem kvalitete življenja osobi se omogućava dobivanje usluga samozbrinjavanja i potpore u aktivnostima svakodnevnog života što neposredno dovodi do sprječavanja institucionalizacije jer osobe s najtežim invaliditetom mogu ostati živjeti u svom prirodnom okruženju a da članovi obitelji ili oni koji skrbe imaju potporu u vrijeme kad oni nisu u mogućnosti pružiti istu.</p>
<p>Provodimo i program Ministarstva rada, mirovinskog sustava, obitelji i socijalne politike  program vrijedan 180.000,00 kuna za jednu godinu s tim da je program na tri godine „Razvoj i širenje mreže socijalnih usluga koje pružaju udruge“ gdje je zaposleno 3 djelatnika, 1 administrator i 2 gerontodomaćice na području Vinkovaca i Vukovara. Cilj je da naši članovi koji nisu u mogućnosti dobiti uslugu osobnog asistenta omogućiti im pružanje usluga – Pomoć u kući, gerontodomaćica što im je naravno neophodna u svemu jer su u pitanju oboljele osobe od multiple skleroze koji su prešli 65 godina.</p>
<p>Provodimo program Ministarstva zdravstva pod nazivom „Svjesno &#8211; zajedno“ gdje imamo zaposlenog 1 djelatnika, program je financiran od Ministarstva zdravstva te vrijednos po godini je 100.000,00 kuna. Kroz tri godine izravnog rada sa osobama s multiple sklerozom kroz psihosocijalne aktivnosti, terapije fizioterapeuta, masaže i uključivanje u obrazovne aktivnosti, uključivanje volontera, savjetodavne i edukacijske radionice o pravima osoba s invaliditetom doprinosi unaprijeđenju psihosocijalnog i tjelesnog zdravlja osoba s multiple sklerozom također po programu imamo zaposlenog 1 djelatnika.<br>Opći cilj programa je doprinjeti, očuvanju i unapređenju zdravlja osoba s invaliditetom, oboljelih od kroničnih nezaraznih bolesti – osoba s multiplom sklerozom na području Vukovarsko-srijemske županije i Osječko-baranjske županije.<br><span style="color: var( --e-global-color-text ); font-family: var( --e-global-typography-text-font-family ), Sans-serif; font-weight: var( --e-global-typography-text-font-weight );"><br>Aktivnosti koje program obuhvaća:</span></p><p><span style="color: var( --e-global-color-text ); font-family: var( --e-global-typography-text-font-family ), Sans-serif; font-weight: var( --e-global-typography-text-font-weight );">1.	Pružanje psihosocijalne pomoći<br></span><span style="color: var( --e-global-color-text ); font-family: var( --e-global-typography-text-font-family ), Sans-serif; font-weight: var( --e-global-typography-text-font-weight );">2.	Psihološka edukacija<br></span><span style="color: var( --e-global-color-text ); font-family: var( --e-global-typography-text-font-family ), Sans-serif; font-weight: var( --e-global-typography-text-font-weight );">3.	Edukacija i savjetovanje korisnika<br></span><span style="color: var( --e-global-color-text ); font-family: var( --e-global-typography-text-font-family ), Sans-serif; font-weight: var( --e-global-typography-text-font-weight );">4.	Psihosocijalna podrška<br></span><span style="color: var( --e-global-color-text ); font-family: var( --e-global-typography-text-font-family ), Sans-serif; font-weight: var( --e-global-typography-text-font-weight );">5.	Edukacijski programi i savjetovanje<br></span><span style="color: var( --e-global-color-text ); font-family: var( --e-global-typography-text-font-family ), Sans-serif; font-weight: var( --e-global-typography-text-font-weight );">6.	Edukacija o pravima i položaju osoba s invaliditetom<br></span><span style="color: var( --e-global-color-text ); font-family: var( --e-global-typography-text-font-family ), Sans-serif; font-weight: var( --e-global-typography-text-font-weight );">7.	Obrazovne aktivnosti za organizatore i koordinatore volontiranja te za volontere<br></span><span style="color: var( --e-global-color-text ); font-family: var( --e-global-typography-text-font-family ), Sans-serif; font-weight: var( --e-global-typography-text-font-weight );">8.	Pružanje usluge prijevoza</span></p><p>Partneri: PRONI Centar za socijalno podučavanje, Centar za socijalnu skrb Vukovar<br>Suradnik: Ured pravobraniteljice za osobe s invaliditetom Osijek.</p>
<p>Udruga također ima zaposlenog vozača na pola radnog vremena, koji vrši prijevoz za članove DMS VSŽ.</p>
<p>Ciljevi: socijalna uključenost članova i osoba oboljelih od multiple skleroze i njihovih obitelji, povećanje i podizanje kvalitete života oboljelih osoba, socijalizacija u društvu, promicanje i zaštita ljudskih prava osoba s invaliditetom, senzibiliziranje javnost za multiplu sklerozu, promicanje, liječenje, unapređivanje, rehabilitacija, socijalna zaštita oboljelih osoba od multiple skleroze, Stvaranje uvjeta za neovisno življenje i izjednačavanje mogućnosti osoba s multiplom sklerozom, problematika osoba s invaliditetom, pružanje socijalnih usluga, socijalne pomoći podrške te humanitarne pomoći.</p>
<p>PREUZIMANJE: <a href="http://www.dmsvsz.hr/wp-content/uploads/2020/04/Statut_DMSVSZ.pdf" target="_blank" rel="noopener noreferrer">STATUT UDRUGE I RJEŠENJE</a><br><br></p>								</div>
				</div>
					</div>
		</div>
					</div>
		</section>
				</div>

<p>Udruga je osnovana 17.02.2003. godine, a najintenzivnije radi u protekle 9 godine.Društvo multiple skleroze Vukovarsko-srijemske županiji broji 94 članova na cijelom području Vukovarko-srijemske županije. Predsjednik Društva multiple skleroze Vukovarsko-srijemske županije&#8230;</p>
<div class="more-link-wrapper"><a class="more-link" href="https://www.dmsvsz.hr/?page_id=7">Opširnije<span class="screen-reader-text">O udruzi</span></a></div>
